{"id":346,"date":"2022-05-30T18:39:22","date_gmt":"2022-05-30T18:39:22","guid":{"rendered":"https:\/\/www.equipoelectronicogdl.com\/productos\/?post_type=product&#038;p=346"},"modified":"2022-05-30T18:39:26","modified_gmt":"2022-05-30T18:39:26","slug":"dahua-t1a51-28","status":"publish","type":"product","link":"https:\/\/www.equipoelectronicogdl.com\/productos\/producto\/dahua-t1a51-28\/","title":{"rendered":"DAHUA T1A51-28"},"content":{"rendered":"<div id=\"product-details-container\" class=\"container-fluid mb-1\">\n<div class=\"tab-content\">\n<div id=\"overviews\" class=\"tab-pane fade show active\" role=\"tabpanel\">\n<div class=\"container-fluid padding-bottom-2x mb-2\">\n<div class=\"row aling-items-center padding-bottom-2x\">\n<div class=\"col-lg-12\">\n<h5 class=\"card-title text-center\">Informaci\u00f3n General<\/h5>\n<p>La c\u00e1mara\u00a0<strong>T1A51-28<\/strong>\u00a0es una c\u00e1mara domo de policarbonato que cuenta con tecnolog\u00eda\u00a0<strong>HDCVI\/AHD\/TVI y CBVS<\/strong>, proporciona video en alta definici\u00f3n a una resoluci\u00f3n de\u00a0<strong>5MP<\/strong>, incorpora un\u00a0<strong>lente fijo de 2.8mm<\/strong>\u00a0el cual proporciona un \u00e1ngulo de visi\u00f3n de\u00a0<strong>106 grados<\/strong>. Cuenta con men\u00fa\u00a0<strong>OSD, DWDR y con Smart IR<\/strong>\u00a0con un alcance de\u00a0<strong>20 metros<\/strong>.<\/p>\n<p><img class=\"overview-center-img-web\" src=\"https:\/\/tvc.mx\/media\/391123\/Dahua-T1A51-28-C%C3%A1mara-Domo-5Mp-HDCVI-Lente-2.8-106-grados-IR-20mts-Interior.png\" alt=\"\" \/><\/div>\n<\/div>\n<div class=\"row align-items-center padding-bottom-2x\">\n<div class=\"col-md-5\"><img class=\"d-block m-auto img-thumbnail\" src=\"https:\/\/tvc.mx\/media\/391175\/resolucion-5-mp-Dahua.png\" alt=\" \" \/><\/div>\n<div class=\"col-md-7 text-md-left text-center\">\n<h2>Resoluci\u00f3n 5MP<\/h2>\n<p class=\"text-muted\">\n<p>La c\u00e1mara\u00a0<strong>T1A51-28\u00a0<\/strong>nos permite lograr captar infinidad de detalles debido a su excelente resoluci\u00f3n de 5MP, son una excelente opci\u00f3n para aplicaciones de negocios donde existe la necesidad de capturar el mayor detalle posible.<\/p>\n<p>&nbsp;<\/p>\n<\/div>\n<\/div>\n<hr class=\"padding-bottom-2x\" \/>\n<div class=\"row align-items-center padding-bottom-2x\">\n<div class=\"col-md-5 order-md-2\"><img class=\"d-block m-auto img-thumbnail\" src=\"https:\/\/tvc.mx\/media\/391187\/amplio-nagulo-de-vision-dahua.png\" alt=\" \" \/><\/div>\n<div class=\"col-md-7 order-md-1 text-md-left text-center\">\n<h2>Amplia Visi\u00f3n<\/h2>\n<p class=\"text-muted\">\n<p>Nuestra c\u00e1mara le permitir\u00e1 captar m\u00e1s detalles ya que cuenta con lente con el que tendremos visualizaci\u00f3n hasta 106\u00b0 horizontales.<\/p>\n<p>&nbsp;<\/p>\n<\/div>\n<\/div>\n<hr class=\"padding-bottom-2x\" \/>\n<div class=\"row align-items-center padding-bottom-2x\">\n<div class=\"col-md-5\"><img class=\"d-block m-auto img-thumbnail\" src=\"https:\/\/tvc.mx\/media\/391219\/WDR-Dahua.png\" alt=\" \" \/><\/div>\n<div class=\"col-md-7 text-md-left text-center\">\n<h2>DWDR<\/h2>\n<p class=\"text-muted\">\n<p>La c\u00e1mara cuenta con\u00a0<strong>DWDR<\/strong>, esta funci\u00f3n se encarga de medir, compensar y ajustar la luz en la imagen captada para despu\u00e9s combinar los espacios de luces brillantes con los espacios de sombras que hay en una misma toma, creando un equilibrio en la imagen final.<\/p>\n<p>&nbsp;<\/p>\n<\/div>\n<\/div>\n<hr class=\"padding-bottom-2x\" \/>\n<div class=\"row align-items-center padding-bottom-2x\">\n<div class=\"col-md-5 order-md-2\"><img class=\"d-block m-auto img-thumbnail\" src=\"https:\/\/tvc.mx\/media\/391223\/Smart-IR-Dahua.png\" alt=\" \" \/><\/div>\n<div class=\"col-md-7 order-md-1 text-md-left text-center\">\n<h2>IR Inteligente<\/h2>\n<p class=\"text-muted\">\n<p>La c\u00e1mara\u00a0<strong>T1A51-28<\/strong>\u00a0tambi\u00e9n cuenta con\u00a0<strong>Smart IR<\/strong>, esto es que los LEDs IR al ser activados en condiciones de poca luz regulan su intensidad dependiendo de las distancias que se encuentre el objeto en frente, esto evitar\u00e1 imagenes blancas y podr\u00e1 detectar m\u00e1s clara la imagen, los LEDs IR nos permiten una distancia de hasta\u00a0<strong>20 mts<\/strong>.<\/p>\n<p>&nbsp;<\/p>\n<\/div>\n<\/div>\n<hr class=\"padding-bottom-2x\" \/>\n<div class=\"row align-items-center padding-bottom-2x\">\n<div class=\"col-md-5\"><img class=\"d-block m-auto img-thumbnail\" src=\"https:\/\/tvc.mx\/media\/391227\/Dahua-T1A51-28-C%C3%A1mara-Domo-5Mp-HDCVI-Lente-2.8-106-grados-IR-20mts-Interior-pp-caracteristicas.png\" alt=\" \" \/><\/div>\n<div class=\"col-md-7 text-md-left text-center\">\n<h2>Principales caracter\u00edsticas.<\/h2>\n<p class=\"text-muted\">\n<ul>\n<li>D-WDR &#8211; Amplio rango din\u00e1mico de la iluminaci\u00f3n<\/li>\n<li>2D-DNR &#8211; Reducci\u00f3n digital de ruido en la imagen<\/li>\n<li>BLC\/HLC &#8211; compensaci\u00f3n de luz de fondo \/ luz alta<\/li>\n<li>AGC &#8211; Ajuste autom\u00e1tico de la ganancia de la imagen<\/li>\n<li>ICR &#8211; Filtro mec\u00e1nico de infrarrojos<\/li>\n<li>Mirror &#8211; Imagen de espejo<\/li>\n<li>Zonas de privacidad &#8211; hasta 8<\/li>\n<li>Balance de blancos autom\u00e1tico<\/li>\n<li>Sharpness &#8211; Enfoque de los contornos de la imagen<\/li>\n<\/ul>\n<p>&nbsp;<\/p>\n<\/div>\n<\/div>\n<hr class=\"padding-bottom-2x\" \/>\n<div class=\"row align-items-center padding-bottom-2x\">\n<div class=\"col-md-5 order-md-2\"><img class=\"d-block m-auto img-thumbnail\" src=\"https:\/\/tvc.mx\/media\/391235\/Dahua-T1A51-28-C%C3%A1mara-Domo-5Mp-HDCVI-Lente-2.8-106-grados-IR-20mts-Interior-especificaciones.png\" alt=\" \" \/><\/div>\n<div class=\"col-md-7 order-md-1 text-md-left text-center\">\n<h2>Especificaciones<\/h2>\n<p class=\"text-muted\">\n<ul>\n<li>1\/2.7\u00a0&#8221; Progressive Scan CMOS<\/li>\n<li>5\u00a0Mpx<\/li>\n<li>Rango del iluminador IR:20\u00a0m<\/li>\n<li>Ajuste de potencia del iluminador IR: Autom\u00e1tico<\/li>\n<li>Lentes fijo 2.8\u00a0mm<\/li>\n<li>\u00c1ngulo de visi\u00f3n:106\u00a0\u00b0<\/li>\n<li>Salida de v\u00eddeo:\u00a0AHD\u00a0\/\u00a0HD-CVI\u00a0\/\u00a0HD-TVI\u00a0\/\u00a0CVBS<\/li>\n<li>Men\u00fa de pantalla OSD:Men\u00fa OSD disponible a trav\u00e9s de la grabadora<\/li>\n<li>Grado de protecci\u00f3n:IP40<\/li>\n<li>Alimentaci\u00f3n:12\u00a0V\u00a0DC\u00a0\/ 230\u00a0mA<\/li>\n<li>Carcasa: Pl\u00e1stico<\/li>\n<\/ul>\n<p>&nbsp;<\/p>\n<\/div>\n<\/div>\n<\/div>\n<\/div>\n<\/div>\n<\/div>\n<div class=\"container padding-bottom-3x mb-1\"><\/div>\n","protected":false},"excerpt":{"rendered":"<h1 id=\"title\" class=\"mb-3\">DAHUA T1A51-28 Camara Domo de 5 Megapixeles\/ Lente de 2.8mm\/ 106 Grados de Apertura\/ IR de 20 Mts\/ Uso Interior\/ Soporta HDCVI\/AHD\/TVI y CBVS\/<\/h1>\n","protected":false},"featured_media":347,"template":"","meta":[],"product_cat":[16],"product_tag":[],"_links":{"self":[{"href":"https:\/\/www.equipoelectronicogdl.com\/productos\/wp-json\/wp\/v2\/product\/346"}],"collection":[{"href":"https:\/\/www.equipoelectronicogdl.com\/productos\/wp-json\/wp\/v2\/product"}],"about":[{"href":"https:\/\/www.equipoelectronicogdl.com\/productos\/wp-json\/wp\/v2\/types\/product"}],"wp:featuredmedia":[{"embeddable":true,"href":"https:\/\/www.equipoelectronicogdl.com\/productos\/wp-json\/wp\/v2\/media\/347"}],"wp:attachment":[{"href":"https:\/\/www.equipoelectronicogdl.com\/productos\/wp-json\/wp\/v2\/media?parent=346"}],"wp:term":[{"taxonomy":"product_cat","embeddable":true,"href":"https:\/\/www.equipoelectronicogdl.com\/productos\/wp-json\/wp\/v2\/product_cat?post=346"},{"taxonomy":"product_tag","embeddable":true,"href":"https:\/\/www.equipoelectronicogdl.com\/productos\/wp-json\/wp\/v2\/product_tag?post=346"}],"curies":[{"name":"wp","href":"https:\/\/api.w.org\/{rel}","templated":true}]}}