{"id":343,"date":"2022-05-30T18:35:42","date_gmt":"2022-05-30T18:35:42","guid":{"rendered":"https:\/\/www.equipoelectronicogdl.com\/productos\/?post_type=product&#038;p=343"},"modified":"2022-05-30T18:35:47","modified_gmt":"2022-05-30T18:35:47","slug":"dahua-hdw1200m28","status":"publish","type":"product","link":"https:\/\/www.equipoelectronicogdl.com\/productos\/producto\/dahua-hdw1200m28\/","title":{"rendered":"DAHUA HDW1200M28"},"content":{"rendered":"<div class=\"row aling-items-center padding-bottom-2x\">\n<div class=\"col-lg-12\">\n<h5 class=\"card-title text-center\">Informaci\u00f3n General<\/h5>\n<p>La c\u00e1mara\u00a0<strong>HDW1200M28\u00a0<\/strong>cuenta con una resoluci\u00f3n Full HD 1080P, cuenta con un\u00a0dise\u00f1o compacto y ofrece una imagen de alta calidad a un bajo costo. Cuenta con un lente fijo de 2.8mm y adem\u00e1s de contar con un men\u00fa OSD multiling\u00fce, dentro de sus dem\u00e1s caracter\u00edsticas posee una salida conmutable HD \/ SD. Su flexibilidad estructural y su alto costo-rendimiento hacen de la c\u00e1mara una opci\u00f3n ideal para soluciones SMB. Experimente el video Full HD 1080P y la simplicidad de usar la infraestructura de cableado existente con HDCVI.<\/p>\n<p><img class=\"overview-center-img-web\" src=\"https:\/\/tvc.mx\/media\/446323\/camara-domo-1080p-metalica-smart-ir-dwdr-HAC-HDW1200M-dahua.png\" alt=\"\" \/><\/div>\n<\/div>\n<div class=\"row align-items-center padding-bottom-2x\">\n<div class=\"col-md-5\"><img class=\"d-block m-auto img-thumbnail\" src=\"https:\/\/tvc.mx\/media\/30694\/4en1.png\" alt=\" \" \/><\/div>\n<div class=\"col-md-7 text-md-left text-center\">\n<h2>Multiformato<\/h2>\n<p class=\"text-muted\">\n<p>La c\u00e1mara\u00a0<strong>HDW1200M28<\/strong>\u00a0admite m\u00faltiples formatos de v\u00eddeo, incluidos HDCVI, CVBS y otros dos formatos anal\u00f3gicos HD comunes en el mercado. Los cuatro formatos se pueden cambiar a trav\u00e9s del men\u00fa OSD o mediante\u00a0<strong>PFM820<\/strong>\u00a0(controlador UTC). Esta funci\u00f3n hace que la c\u00e1mara sea compatible con la mayor\u00eda de los DVR HD \/ SD existentes de los usuarios finales.<\/p>\n<p>&nbsp;<\/p>\n<\/div>\n<\/div>\n<hr class=\"padding-bottom-2x\" \/>\n<div class=\"row align-items-center padding-bottom-2x\">\n<div class=\"col-md-5 order-md-2\"><img class=\"d-block m-auto img-thumbnail\" src=\"https:\/\/tvc.mx\/media\/446347\/Smart-IR-Dahua.png\" alt=\" \" \/><\/div>\n<div class=\"col-md-7 order-md-1 text-md-left text-center\">\n<h2>Smart IR<\/h2>\n<p class=\"text-muted\">\n<p>Con la iluminaci\u00f3n IR, las im\u00e1genes detalladas se pueden capturar con poca luz o oscuridad total. La tecnolog\u00eda Smart IR ajusta la intensidad de los LED infrarrojos para compensar la distancia de un objeto evitando\u00a0que los LEDs IR borren las im\u00e1genes a medida que se acercan a la c\u00e1mara. La iluminaci\u00f3n infrarroja integrada de la c\u00e1mara proporciona un alto rendimiento en entornos con poca luz extrema de hasta 20 mts.<\/p>\n<p>&nbsp;<\/p>\n<\/div>\n<\/div>\n<hr class=\"padding-bottom-2x\" \/>\n<div class=\"row align-items-center padding-bottom-2x\">\n<div class=\"col-md-5 order-md-2\"><img class=\"d-block m-auto img-thumbnail\" src=\"https:\/\/tvc.mx\/media\/446351\/larga-distancia-de-transmision-dahua.png\" alt=\" \" \/><\/div>\n<div class=\"col-md-7 order-md-1 text-md-left text-center\">\n<h2>Larga distancia de transmisi\u00f3n<\/h2>\n<p class=\"text-muted\">\n<p>La tecnolog\u00eda HDCVI de Dahua garantiza la transmisi\u00f3n de v\u00eddeo a tiempo real y sin p\u00e9rdidas de calidad, a distancias de hasta 800m para v\u00eddeo de 1080P v\u00eda cable coaxial RG6 y hasta 300m por cable UTP, mediante transceptores PFM8004MP.<\/p>\n<p>&nbsp;<\/p>\n<\/div>\n<\/div>\n<hr class=\"padding-bottom-2x\" \/>\n<div class=\"row align-items-center padding-bottom-2x\">\n<div class=\"col-md-5\"><img class=\"d-block m-auto img-thumbnail\" src=\"https:\/\/tvc.mx\/media\/446355\/WDR-Dahua.png\" alt=\" \" \/><\/div>\n<div class=\"col-md-7 text-md-left text-center\">\n<h2>DWDR<\/h2>\n<p class=\"text-muted\">\n<p class=\"ql-align-justify\">Nuestra c\u00e1mara\u00a0cuenta con DWDR, esta funci\u00f3n\u00a0se encarga de medir, compensar y ajustar la luz en la imagen\u00a0captada para despu\u00e9s combinar los espacios de luces brillantes con los espacios de sombras que hay en una misma toma, creando\u00a0un equilibrio en la imagen final.<\/p>\n<p>&nbsp;<\/p>\n<\/div>\n<\/div>\n<hr class=\"padding-bottom-2x\" \/>\n<div class=\"row align-items-center padding-bottom-2x\">\n<div class=\"col-md-5\"><img class=\"d-block m-auto img-thumbnail\" src=\"https:\/\/tvc.mx\/media\/446359\/camara-domo-1080p-metalica-smart-ir-dwdr-HAC-HDW1200M-dahua-caracteristicas.png\" alt=\" \" \/><\/div>\n<div class=\"col-md-7 text-md-left text-center\">\n<h2>Principales Caracter\u00edsticas<\/h2>\n<p class=\"text-muted\">\n<ul>\n<li>D\u00eda &amp; Noche, BLC\/ HLC\/ 2D-DNR.<\/li>\n<li>Funci\u00f3n Smart IR.<\/li>\n<li>Soporta m\u00faltiples formatos<\/li>\n<li>Larga distancia de transmisi\u00f3n<\/li>\n<li>Exterior IP67.<\/li>\n<\/ul>\n<p>&nbsp;<\/p>\n<\/div>\n<\/div>\n<hr class=\"padding-bottom-2x\" \/>\n<div class=\"row align-items-center padding-bottom-2x\">\n<div class=\"col-md-5 order-md-2\"><img class=\"d-block m-auto img-thumbnail\" src=\"https:\/\/tvc.mx\/media\/446363\/camara-domo-1080p-metalica-smart-ir-dwdr-HAC-HDW1200M-dahua-especificaciones.png\" alt=\" \" \/><\/div>\n<div class=\"col-md-7 order-md-1 text-md-left text-center\">\n<h2>Especificaciones<\/h2>\n<p class=\"text-muted\">\n<ul>\n<li>CMOS de 1 \/ 2,7 &#8220;<\/li>\n<li>Distancia IR hasta 30m<\/li>\n<li>LED de infrarrojos 12<\/li>\n<li>Lente fijo 2.8mm<\/li>\n<li>Punto de vista 103\u00b0<\/li>\n<li>Resoluci\u00f3n 1080P (1920 \u00d7 1080)<\/li>\n<li>D\u00eda \/ noche: Autom\u00e1tico (ICR) \/ Manual<\/li>\n<li>BLC \/ HLC \/ DWDR<\/li>\n<li>Reducci\u00f3n de ruido 2D<\/li>\n<li>Fuente de alimentaci\u00f3n: 12 V CC<\/li>\n<li>Carcasa: Alumino<\/li>\n<\/ul>\n<\/div>\n<\/div>\n","protected":false},"excerpt":{"rendered":"<h1 id=\"title\" class=\"mb-3\">DAHUA HDW1200M28 &#8211; Camara Domo 1080p\/ Met\u00e1lica\/ Lente de 2.8mm\/ 101 Grados de Apertura\/ Ir de 30 Metros\/ IP67\/ DWDR\/ BLC\/HLC\/AGC\/ Soporta HDCVI\/TVI\/AHD\/CBVS\/<\/h1>\n","protected":false},"featured_media":344,"template":"","meta":[],"product_cat":[16],"product_tag":[],"_links":{"self":[{"href":"https:\/\/www.equipoelectronicogdl.com\/productos\/wp-json\/wp\/v2\/product\/343"}],"collection":[{"href":"https:\/\/www.equipoelectronicogdl.com\/productos\/wp-json\/wp\/v2\/product"}],"about":[{"href":"https:\/\/www.equipoelectronicogdl.com\/productos\/wp-json\/wp\/v2\/types\/product"}],"wp:featuredmedia":[{"embeddable":true,"href":"https:\/\/www.equipoelectronicogdl.com\/productos\/wp-json\/wp\/v2\/media\/344"}],"wp:attachment":[{"href":"https:\/\/www.equipoelectronicogdl.com\/productos\/wp-json\/wp\/v2\/media?parent=343"}],"wp:term":[{"taxonomy":"product_cat","embeddable":true,"href":"https:\/\/www.equipoelectronicogdl.com\/productos\/wp-json\/wp\/v2\/product_cat?post=343"},{"taxonomy":"product_tag","embeddable":true,"href":"https:\/\/www.equipoelectronicogdl.com\/productos\/wp-json\/wp\/v2\/product_tag?post=343"}],"curies":[{"name":"wp","href":"https:\/\/api.w.org\/{rel}","templated":true}]}}